{"id":2,"date":"2025-01-14T12:46:03","date_gmt":"2025-01-14T12:46:03","guid":{"rendered":"https:\/\/www.silverminers.de\/cms\/?page_id=2"},"modified":"2025-04-07T07:33:26","modified_gmt":"2025-04-07T07:33:26","slug":"square-dance","status":"publish","type":"page","link":"https:\/\/www.silverminers.de\/index.php\/square-dance\/","title":{"rendered":"Was ist Square Dance?"},"content":{"rendered":"\n<p class=\"has-medium-font-size\"><strong>Was ist Square Dance?<\/strong><br><br>Square Dance ist eine gesellige Form der amerikanischen Folklore. Zu flotter Western-Musik, Oldies oder Pop-Sounds tanzen Gruppen von jeweils vier Paaren verschiedene Figuren miteinander. Es wird nach den Ansagen eines Callers getanzt, niemand muss komplette T\u00e4nze auswendig lernen. Die unkomplizierte Musik macht es selbst bisherigen Nichtt\u00e4nzern m\u00f6glich, problemlos mitzumachen. Die Kunst des Callers besteht darin, die T\u00e4nzer durch praktisch beliebige Figurenkombinationen wieder zur Ausgangsformation zur\u00fcckzubringen und die Kunst der T\u00e4nzer ist es, den Anweisungen des Callers m\u00f6glichst fehlerfrei zu folgen.<br><br><\/p>\n\n\n\n<figure class=\"wp-block-image size-large\"><img loading=\"lazy\" decoding=\"async\" width=\"1024\" height=\"683\" src=\"https:\/\/www.silverminers.de\/cms\/wp-content\/uploads\/2025\/03\/SAM_0509-1024x683.jpg\" alt=\"\" class=\"wp-image-370\" srcset=\"https:\/\/www.silverminers.de\/wp-content\/uploads\/2025\/03\/SAM_0509-1024x683.jpg 1024w, https:\/\/www.silverminers.de\/wp-content\/uploads\/2025\/03\/SAM_0509-300x200.jpg 300w, https:\/\/www.silverminers.de\/wp-content\/uploads\/2025\/03\/SAM_0509-768x512.jpg 768w, https:\/\/www.silverminers.de\/wp-content\/uploads\/2025\/03\/SAM_0509-1536x1024.jpg 1536w, https:\/\/www.silverminers.de\/wp-content\/uploads\/2025\/03\/SAM_0509-2048x1365.jpg 2048w, https:\/\/www.silverminers.de\/wp-content\/uploads\/2025\/03\/SAM_0509-1620x1080.jpg 1620w\" sizes=\"(max-width: 1024px) 100vw, 1024px\" \/><figcaption class=\"wp-element-caption\">Auftritt Fr\u00fchlingsfest 2022<\/figcaption><\/figure>\n\n\n\n<p class=\"has-medium-font-size\"><strong>Wo kommt Square Dance her?<\/strong><br><br>Square Dance entstand aus einer Vielzahl von europ\u00e4ischen (Volks-)T\u00e4nzen \u2013 insbesondere der franz\u00f6sischen Quadrille und den englischen Morris- und Contra-Dances \u2013 und reicht in seinen Wurzeln bis ins Mittelalter zur\u00fcck. W\u00e4hrend der Besiedlung Nordamerikas ab dem 16. Jahrhundert verbreiteten die Siedler ihre eigenen T\u00e4nze und \u00fcbernahmen Figuren anderer \u2013 so entstand \u00fcber viele Jahrzehnte hinweg eine einzigartige Mischung. Manche zogen von Ort zu Ort, um die regional sehr unterschiedlichen T\u00e4nze kennenzulernen und weiterzugeben. Hierbei entstand die f\u00fcr den Square Dance typische Kunst des Callens. Gegen 1930 wurden die inzwischen fast vergessenen Square Dances wiederentdeckt. Sp\u00e4ter machte sich eine Gruppe von Callern daran, die vorhandenen Figuren zusammenzutragen und zu standardisieren. Dies ist die Grundlage des heutigen Modern American Square Dance. Nach Deutschland kam der Square Dance mit den amerikanischen Soldaten am Ende des Zweiten Weltkrieges.<\/p>\n\n\n\n\n\n<p>Clubabend mit Besuch 2017<\/p>\n\n\n\n<p class=\"has-medium-font-size\"><strong>Modern American Square Dance &#8211; heute<\/strong><br><br>Square Dancer besuchen sich gegenseitig auf den Clubabenden anderer Clubs und organisieren regionale, \u00fcberregionale und internationale Tanzveranstaltungen. Bei den drei Jamborees, die die EAASDC (Europ\u00e4ische Square-Dance Dachorganisation) j\u00e4hrlich veranstaltet, treffen sich zwischen 1.000 und 2.000 T\u00e4nzer zu einem Wochenende mit viel Spa\u00df, zu den regionalen Veranstaltungen einzelner Clubs \u2013 von denen jedes Wochenende mehrere stattfinden \u2013 reisen nicht selten mehrere hundert T\u00e4nzer an.<br>Square Dance Clubs sind in Europa weit verbreitet, alleine in Deutschland gibt es rund 400. Stark vertreten sind sie auch in den Niederlanden, in Tschechien, in Schweden und in Gro\u00dfbritannien. In der Regel findet man in jeder gr\u00f6\u00dferen Stadt wenigstens einen Club, meistens jedoch mehrere.<\/p>\n\n\n\n<figure class=\"wp-block-image size-large\"><img loading=\"lazy\" decoding=\"async\" width=\"1024\" height=\"768\" src=\"https:\/\/www.silverminers.de\/cms\/wp-content\/uploads\/2025\/04\/IMAG0971-1-1024x768.jpg\" alt=\"\" class=\"wp-image-434\" srcset=\"https:\/\/www.silverminers.de\/wp-content\/uploads\/2025\/04\/IMAG0971-1-1024x768.jpg 1024w, https:\/\/www.silverminers.de\/wp-content\/uploads\/2025\/04\/IMAG0971-1-300x225.jpg 300w, https:\/\/www.silverminers.de\/wp-content\/uploads\/2025\/04\/IMAG0971-1-768x576.jpg 768w, https:\/\/www.silverminers.de\/wp-content\/uploads\/2025\/04\/IMAG0971-1-1536x1152.jpg 1536w, https:\/\/www.silverminers.de\/wp-content\/uploads\/2025\/04\/IMAG0971-1-2048x1536.jpg 2048w, https:\/\/www.silverminers.de\/wp-content\/uploads\/2025\/04\/IMAG0971-1-1440x1080.jpg 1440w\" sizes=\"(max-width: 1024px) 100vw, 1024px\" \/><\/figure>\n\n\n\n<p>Veranstaltung in Aberdeen 2018<\/p>\n","protected":false},"excerpt":{"rendered":"<p>Was ist Square Dance? Square Dance ist eine gesellige Form der amerikanischen Folklore. Zu flotter Western-Musik, Oldies oder Pop-Sounds tanzen Gruppen von jeweils vier Paaren verschiedene Figuren miteinander. Es wird nach den Ansagen eines Callers getanzt, niemand muss komplette T\u00e4nze auswendig lernen. Die unkomplizierte Musik macht es selbst bisherigen Nichtt\u00e4nzern m\u00f6glich, problemlos mitzumachen. Die Kunst [&hellip;]<\/p>\n","protected":false},"author":1,"featured_media":0,"parent":0,"menu_order":0,"comment_status":"closed","ping_status":"closed","template":"","meta":{"saved_in_kubio":true,"footnotes":""},"class_list":["post-2","page","type-page","status-publish","hentry"],"kubio_ai_page_context":{"short_desc":"","purpose":"general"},"_links":{"self":[{"href":"https:\/\/www.silverminers.de\/index.php\/wp-json\/wp\/v2\/pages\/2","targetHints":{"allow":["GET"]}}],"collection":[{"href":"https:\/\/www.silverminers.de\/index.php\/wp-json\/wp\/v2\/pages"}],"about":[{"href":"https:\/\/www.silverminers.de\/index.php\/wp-json\/wp\/v2\/types\/page"}],"author":[{"embeddable":true,"href":"https:\/\/www.silverminers.de\/index.php\/wp-json\/wp\/v2\/users\/1"}],"replies":[{"embeddable":true,"href":"https:\/\/www.silverminers.de\/index.php\/wp-json\/wp\/v2\/comments?post=2"}],"version-history":[{"count":15,"href":"https:\/\/www.silverminers.de\/index.php\/wp-json\/wp\/v2\/pages\/2\/revisions"}],"predecessor-version":[{"id":442,"href":"https:\/\/www.silverminers.de\/index.php\/wp-json\/wp\/v2\/pages\/2\/revisions\/442"}],"wp:attachment":[{"href":"https:\/\/www.silverminers.de\/index.php\/wp-json\/wp\/v2\/media?parent=2"}],"curies":[{"name":"wp","href":"https:\/\/api.w.org\/{rel}","templated":true}]}}